{"id":570,"date":"2019-10-25T09:50:44","date_gmt":"2019-10-25T09:50:44","guid":{"rendered":"http:\/\/demo.athemes.com\/sydney-redesign\/?page_id=13"},"modified":"2026-03-02T09:32:45","modified_gmt":"2026-03-02T14:32:45","slug":"plan-de-gobierno-morado-el-plan-para-cambiar-al-pais","status":"publish","type":"page","link":"https:\/\/www.planmorado.pe\/","title":{"rendered":"Home"},"content":{"rendered":"\t\t<div data-elementor-type=\"wp-page\" data-elementor-id=\"570\" class=\"elementor elementor-570\">\n\t\t\t\t\t\t<section class=\"elementor-section elementor-top-section elementor-element elementor-element-06a0deb elementor-section-boxed elementor-section-height-default elementor-section-height-default\" data-id=\"06a0deb\" data-element_type=\"section\" data-e-type=\"section\">\n\t\t\t\t\t\t<div class=\"elementor-container elementor-column-gap-default\">\n\t\t\t\t\t<div class=\"elementor-column elementor-col-100 elementor-top-column elementor-element elementor-element-6c67fcd\" data-id=\"6c67fcd\" data-element_type=\"column\" data-e-type=\"column\">\n\t\t\t<div class=\"elementor-widget-wrap elementor-element-populated\">\n\t\t\t\t\t\t<div class=\"elementor-element elementor-element-0e48c6c elementor-widget elementor-widget-heading\" data-id=\"0e48c6c\" data-element_type=\"widget\" data-e-type=\"widget\" data-widget_type=\"heading.default\">\n\t\t\t\t<div class=\"elementor-widget-container\">\n\t\t\t\t\t<h2 class=\"elementor-heading-title elementor-size-default\">Esta p\u00e1gina contiene el Plan de Gobierno del Partido Morado 2026-2031. \n\nNuestro plan de acci\u00f3n y las ideas de los ciudadanos comprometidos con la pol\u00edtica decente sumar\u00e1n en la construcci\u00f3n de un nuevo pa\u00eds<\/h2>\t\t\t\t<\/div>\n\t\t\t\t<\/div>\n\t\t\t\t\t<\/div>\n\t\t<\/div>\n\t\t\t\t\t<\/div>\n\t\t<\/section>\n\t\t\t\t<section class=\"elementor-section elementor-top-section elementor-element elementor-element-702ff17 elementor-section-boxed elementor-section-height-default elementor-section-height-default\" data-id=\"702ff17\" data-element_type=\"section\" data-e-type=\"section\">\n\t\t\t\t\t\t<div class=\"elementor-container elementor-column-gap-default\">\n\t\t\t\t\t<div class=\"elementor-column elementor-col-100 elementor-top-column elementor-element elementor-element-33cdc7a\" data-id=\"33cdc7a\" data-element_type=\"column\" data-e-type=\"column\">\n\t\t\t<div class=\"elementor-widget-wrap elementor-element-populated\">\n\t\t\t\t\t\t<div class=\"elementor-element elementor-element-ff2fe55 elementor-alert-info elementor-widget elementor-widget-alert\" data-id=\"ff2fe55\" data-element_type=\"widget\" data-e-type=\"widget\" data-widget_type=\"alert.default\">\n\t\t\t\t<div class=\"elementor-widget-container\">\n\t\t\t\t\t\t\t<div class=\"elementor-alert\" role=\"alert\">\n\n\t\t\t\t\t\t<span class=\"elementor-alert-title\">Novedades:<\/span>\n\t\t\t\n\t\t\t\t\t\t<span class=\"elementor-alert-description\">Ahora puedes preguntarle a Moradito cualquier duda que tengas sobre Mes\u00edas Guevara, nuestro candidato a la presidencia del Per\u00fa o sobre aspectos del plan de gobierno. \u00a1Busca \"HABLA CON MORADITO\" en esta p\u00e1gina!<\/span>\n\t\t\t\n\t\t\t\n\t\t<\/div>\n\t\t\t\t\t\t<\/div>\n\t\t\t\t<\/div>\n\t\t\t\t<div class=\"elementor-element elementor-element-c91d3d1 elementor-widget elementor-widget-spacer\" data-id=\"c91d3d1\" data-element_type=\"widget\" data-e-type=\"widget\" data-widget_type=\"spacer.default\">\n\t\t\t\t<div class=\"elementor-widget-container\">\n\t\t\t\t\t\t\t<div class=\"elementor-spacer\">\n\t\t\t<div class=\"elementor-spacer-inner\"><\/div>\n\t\t<\/div>\n\t\t\t\t\t\t<\/div>\n\t\t\t\t<\/div>\n\t\t\t\t\t<\/div>\n\t\t<\/div>\n\t\t\t\t\t<\/div>\n\t\t<\/section>\n\t\t\t\t<section class=\"elementor-section elementor-top-section elementor-element elementor-element-2986ac9 elementor-section-boxed elementor-section-height-default elementor-section-height-default\" data-id=\"2986ac9\" data-element_type=\"section\" data-e-type=\"section\">\n\t\t\t\t\t\t<div class=\"elementor-container elementor-column-gap-default\">\n\t\t\t\t\t<div class=\"elementor-column elementor-col-100 elementor-top-column elementor-element elementor-element-baee7b1\" data-id=\"baee7b1\" data-element_type=\"column\" data-e-type=\"column\">\n\t\t\t<div class=\"elementor-widget-wrap elementor-element-populated\">\n\t\t\t\t\t\t<div class=\"elementor-element elementor-element-b52a268 elementor-widget elementor-widget-shortcode\" data-id=\"b52a268\" data-element_type=\"widget\" data-e-type=\"widget\" data-widget_type=\"shortcode.default\">\n\t\t\t\t<div class=\"elementor-widget-container\">\n\t\t\t\t\t\t\t<div class=\"elementor-shortcode\"><div class=\"_3d-flip-book  fb3d-fullscreen-mode full-size\" data-id=\"4680\" data-mode=\"fullscreen\" data-title=\"false\" data-template=\"short-white-book-view\" data-lightbox=\"dark-shadow\" data-urlparam=\"fb3d-page\" data-page-n=\"0\" data-pdf=\"\" data-tax=\"null\" data-thumbnail=\"\" data-cols=\"3\" data-book-template=\"default\" data-trigger=\"\"><\/div><script type=\"text\/javascript\">window.FB3D_CLIENT_DATA = window.FB3D_CLIENT_DATA || [];FB3D_CLIENT_DATA.push('eyJwb3N0cyI6eyI0NjgwIjp7IklEIjo0NjgwLCJ0aXRsZSI6IlBsYW4gTW9yYWRvIDIwMjYtMjAzMSIsInR5cGUiOiJwZGYiLCJyZWFkeV9mdW5jdGlvbiI6IiIsImJvb2tfc3R5bGUiOiJhdXRvIiwiYm9va190ZW1wbGF0ZSI6Im5vbmUiLCJvdXRsaW5lIjpbXSwiZGF0YSI6eyJwb3N0X0lEIjoiNDcwNCIsImd1aWQiOiJodHRwczpcL1wvd3d3LnBsYW5tb3JhZG8ucGVcL3dwLWNvbnRlbnRcL3VwbG9hZHNcLzIwMjZcLzAxXC9QbGFuLWRlLUdvYmllcm5vLVBNLTIwMjYtMjAzMS12MjAyNjAyMDEucGRmIiwicGRmX3BhZ2VzIjoiMzg3IiwicGFnZXNfY3VzdG9taXphdGlvbiI6Im5vbmUifSwidGh1bWJuYWlsIjp7ImRhdGEiOnsicG9zdF9JRCI6IjAifSwidHlwZSI6ImF1dG8ifSwicHJvcHMiOnsiYmFja2dyb3VuZENvbG9yIjoiYXV0byIsImJhY2tncm91bmRJbWFnZSI6ImF1dG8iLCJiYWNrZ3JvdW5kU3R5bGUiOiJhdXRvIiwiaGlnaGxpZ2h0TGlua3MiOiJhdXRvIiwibGlnaHRpbmciOiJhdXRvIiwic2luZ2xlUGFnZU1vZGUiOiJhdXRvIiwiY2FjaGVkUGFnZXMiOiJhdXRvIiwicmVuZGVySW5hY3RpdmVQYWdlcyI6ImF1dG8iLCJyZW5kZXJJbmFjdGl2ZVBhZ2VzT25Nb2JpbGUiOiJhdXRvIiwicmVuZGVyV2hpbGVGbGlwcGluZyI6ImF1dG8iLCJwcmVsb2FkUGFnZXMiOiJhdXRvIiwiYXV0b1BsYXlEdXJhdGlvbiI6ImF1dG8iLCJydGwiOiJhdXRvIiwiaW50ZXJhY3RpdmVDb3JuZXJzIjoiYXV0byIsIm1heERlcHRoIjoiYXV0byIsInNoZWV0Ijp7InN0YXJ0VmVsb2NpdHkiOiJhdXRvIiwid2F2ZSI6ImF1dG8iLCJzaGFwZSI6ImF1dG8iLCJ3aWR0aFRleGVscyI6ImF1dG8iLCJjb2xvciI6ImF1dG8iLCJzaWRlIjoiYXV0byIsInN0cmV0Y2hJbWFnZXMiOiJhdXRvIiwiY29ybmVyRGV2aWF0aW9uIjoiYXV0byIsImZsZXhpYmlsaXR5IjoiYXV0byIsImZsZXhpYmxlQ29ybmVyIjoiYXV0byIsImJlbmRpbmciOiJhdXRvIiwiaGVpZ2h0VGV4ZWxzIjoiYXV0byJ9LCJjb3ZlciI6eyJ3YXZlIjoiYXV0byIsImNvbG9yIjoiYXV0byIsInNpZGUiOiJhdXRvIiwic3RyZXRjaEltYWdlcyI6ImF1dG8iLCJiaW5kZXJUZXh0dXJlIjoiYXV0byIsImRlcHRoIjoiYXV0byIsInBhZGRpbmciOiJhdXRvIiwic3RhcnRWZWxvY2l0eSI6ImF1dG8iLCJmbGV4aWJpbGl0eSI6ImF1dG8iLCJmbGV4aWJsZUNvcm5lciI6ImF1dG8iLCJiZW5kaW5nIjoiYXV0byIsIndpZHRoVGV4ZWxzIjoiYXV0byIsImhlaWdodFRleGVscyI6ImF1dG8iLCJtYXNzIjoiYXV0byIsInNoYXBlIjoiYXV0byJ9LCJwYWdlIjp7IndhdmUiOiJhdXRvIiwiY29sb3IiOiJhdXRvIiwic2lkZSI6ImF1dG8iLCJzdHJldGNoSW1hZ2VzIjoiYXV0byIsImRlcHRoIjoiYXV0byIsInN0YXJ0VmVsb2NpdHkiOiJhdXRvIiwiZmxleGliaWxpdHkiOiJhdXRvIiwiZmxleGlibGVDb3JuZXIiOiJhdXRvIiwiYmVuZGluZyI6ImF1dG8iLCJ3aWR0aFRleGVscyI6ImF1dG8iLCJoZWlnaHRUZXhlbHMiOiJhdXRvIiwibWFzcyI6ImF1dG8iLCJzaGFwZSI6ImF1dG8ifSwiaGVpZ2h0IjoiYXV0byIsIndpZHRoIjoiYXV0byIsImdyYXZpdHkiOiJhdXRvIiwicGFnZXNGb3JQcmVkaWN0aW5nIjoiYXV0byJ9LCJjb250cm9sUHJvcHMiOnsiYWN0aW9ucyI6eyJjbWRUb2MiOnsiZW5hYmxlZCI6ImF1dG8iLCJlbmFibGVkSW5OYXJyb3ciOiJhdXRvIiwiYWN0aXZlIjoiYXV0byIsImRlZmF1bHRUYWIiOiJhdXRvIn0sImNtZEF1dG9QbGF5Ijp7ImVuYWJsZWQiOiJhdXRvIiwiZW5hYmxlZEluTmFycm93IjoiYXV0byIsImFjdGl2ZSI6ImF1dG8ifSwiY21kU2F2ZSI6eyJlbmFibGVkIjoiYXV0byIsImVuYWJsZWRJbk5hcnJvdyI6ImF1dG8ifSwiY21kUHJpbnQiOnsiZW5hYmxlZCI6ImF1dG8iLCJlbmFibGVkSW5OYXJyb3ciOiJhdXRvIn0sImNtZFNpbmdsZVBhZ2UiOnsiZW5hYmxlZCI6ImF1dG8iLCJlbmFibGVkSW5OYXJyb3ciOiJhdXRvIiwiYWN0aXZlIjoiYXV0byIsImFjdGl2ZUZvck1vYmlsZSI6ImF1dG8ifSwid2lkVG9vbGJhciI6eyJlbmFibGVkIjoiYXV0byIsImVuYWJsZWRJbk5hcnJvdyI6ImF1dG8ifX19LCJhdXRvVGh1bWJuYWlsIjoiaHR0cHM6XC9cL3d3dy5wbGFubW9yYWRvLnBlXC93cC1jb250ZW50XC91cGxvYWRzXC8zZC1mbGlwLWJvb2tcL2F1dG8tdGh1bWJuYWlsc1wvNDY4MC5wbmciLCJwb3N0X25hbWUiOiJwbGFuLW1vcmFkby0yMDI2LTIwMzEiLCJwb3N0X3R5cGUiOiIzZC1mbGlwLWJvb2sifX0sInBhZ2VzIjpbXSwiZmlyc3RQYWdlcyI6W119');window.FB3D_CLIENT_LOCALE && FB3D_CLIENT_LOCALE.render && FB3D_CLIENT_LOCALE.render();<\/script><\/div>\n\t\t\t\t\t\t<\/div>\n\t\t\t\t<\/div>\n\t\t\t\t\t<\/div>\n\t\t<\/div>\n\t\t\t\t\t<\/div>\n\t\t<\/section>\n\t\t\t\t<section class=\"elementor-section elementor-top-section elementor-element elementor-element-2066be6 elementor-section-boxed elementor-section-height-default elementor-section-height-default\" data-id=\"2066be6\" data-element_type=\"section\" data-e-type=\"section\">\n\t\t\t\t\t\t<div class=\"elementor-container elementor-column-gap-default\">\n\t\t\t\t\t<div class=\"elementor-column elementor-col-100 elementor-top-column elementor-element elementor-element-30d3c5e\" data-id=\"30d3c5e\" data-element_type=\"column\" data-e-type=\"column\">\n\t\t\t<div class=\"elementor-widget-wrap elementor-element-populated\">\n\t\t\t\t\t\t<div class=\"elementor-element elementor-element-379976c elementor-widget elementor-widget-text-editor\" data-id=\"379976c\" data-element_type=\"widget\" data-e-type=\"widget\" data-widget_type=\"text-editor.default\">\n\t\t\t\t<div class=\"elementor-widget-container\">\n\t\t\t\t\t\t\t\t\t<h3 class=\"elementor-heading-title elementor-size-default elementor-inline-editing pen\" data-elementor-setting-key=\"title\" data-pen-placeholder=\"Teclea aqu\u00ed...\" style=\"font-family: Montserrat; color: rgb(92, 15, 139); text-align: center;\">Versi\u00f3n 01-Feb-2026<\/h3><p style=\"text-align: center;\">Esta p\u00e1gina se visualiza mejor con Chrome o Edge.<\/p>\t\t\t\t\t\t\t\t<\/div>\n\t\t\t\t<\/div>\n\t\t\t\t\t<\/div>\n\t\t<\/div>\n\t\t\t\t\t<\/div>\n\t\t<\/section>\n\t\t\t\t<\/div>\n\t\t ","protected":false},"excerpt":{"rendered":"<p>Esta p\u00e1gina contiene el Plan de Gobierno del Partido Morado 2026-2031. Nuestro plan de acci\u00f3n y las ideas de los ciudadanos comprometidos con la pol\u00edtica [&hellip;]<\/p>\n","protected":false},"author":1,"featured_media":0,"parent":0,"menu_order":0,"comment_status":"closed","ping_status":"closed","template":"page-templates\/page_front-page.php","meta":{"_acf_changed":false,"footnotes":""},"cluster":[],"class_list":["post-570","page","type-page","status-publish","hentry"],"acf":[],"yoast_head":"<!-- This site is optimized with the Yoast SEO plugin v27.3 - https:\/\/yoast.com\/product\/yoast-seo-wordpress\/ -->\n<title>Plan de gobierno Partido Morado Home - Plan Morado 2026 - 2031<\/title>\n<meta name=\"description\" content=\"Plan de gobierno 2021 Partido Morado. El plan para cambiar al pa\u00eds. 12 ejes y 100 propuestas con participaci\u00f3n de la ciudadan\u00eda.\" \/>\n<meta name=\"robots\" content=\"index, follow, max-snippet:-1, max-image-preview:large, max-video-preview:-1\" \/>\n<link rel=\"canonical\" href=\"https:\/\/www.planmorado.pe\/\" \/>\n<meta property=\"og:locale\" content=\"es_ES\" \/>\n<meta property=\"og:type\" content=\"article\" \/>\n<meta property=\"og:title\" content=\"Plan de gobierno Partido Morado Home - Plan Morado 2026 - 2031\" \/>\n<meta property=\"og:description\" content=\"Plan de gobierno 2021 Partido Morado. El plan para cambiar al pa\u00eds. 12 ejes y 100 propuestas con participaci\u00f3n de la ciudadan\u00eda.\" \/>\n<meta property=\"og:url\" content=\"https:\/\/www.planmorado.pe\/\" \/>\n<meta property=\"og:site_name\" content=\"Plan Morado 2026 - 2031\" \/>\n<meta property=\"article:publisher\" content=\"https:\/\/www.facebook.com\/PartidoMorado\" \/>\n<meta property=\"article:modified_time\" content=\"2026-03-02T14:32:45+00:00\" \/>\n<meta property=\"og:image\" content=\"https:\/\/www.planmorado.pe\/wp-content\/uploads\/2020\/12\/cropped-PdG-Logo-e1767423137283.png\" \/>\n\t<meta property=\"og:image:width\" content=\"1920\" \/>\n\t<meta property=\"og:image:height\" content=\"480\" \/>\n\t<meta property=\"og:image:type\" content=\"image\/png\" \/>\n<meta name=\"twitter:card\" content=\"summary_large_image\" \/>\n<meta name=\"twitter:site\" content=\"@PdGPM2026\" \/>\n<meta name=\"twitter:label1\" content=\"Est. reading time\" \/>\n\t<meta name=\"twitter:data1\" content=\"12 minutos\" \/>\n<script type=\"application\/ld+json\" class=\"yoast-schema-graph\">{\"@context\":\"https:\\\/\\\/schema.org\",\"@graph\":[{\"@type\":\"WebPage\",\"@id\":\"https:\\\/\\\/www.planmorado.pe\\\/\",\"url\":\"https:\\\/\\\/www.planmorado.pe\\\/\",\"name\":\"Plan de gobierno Partido Morado Home - Plan Morado 2026 - 2031\",\"isPartOf\":{\"@id\":\"https:\\\/\\\/www.planmorado.pe\\\/#website\"},\"datePublished\":\"2019-10-25T09:50:44+00:00\",\"dateModified\":\"2026-03-02T14:32:45+00:00\",\"description\":\"Plan de gobierno 2021 Partido Morado. El plan para cambiar al pa\u00eds. 12 ejes y 100 propuestas con participaci\u00f3n de la ciudadan\u00eda.\",\"breadcrumb\":{\"@id\":\"https:\\\/\\\/www.planmorado.pe\\\/#breadcrumb\"},\"inLanguage\":\"es-PE\",\"potentialAction\":[{\"@type\":\"ReadAction\",\"target\":[\"https:\\\/\\\/www.planmorado.pe\\\/\"]}]},{\"@type\":\"BreadcrumbList\",\"@id\":\"https:\\\/\\\/www.planmorado.pe\\\/#breadcrumb\",\"itemListElement\":[{\"@type\":\"ListItem\",\"position\":1,\"name\":\"Portada\",\"item\":\"https:\\\/\\\/www.planmorado.pe\\\/\"},{\"@type\":\"ListItem\",\"position\":2,\"name\":\"Home\"}]},{\"@type\":\"WebSite\",\"@id\":\"https:\\\/\\\/www.planmorado.pe\\\/#website\",\"url\":\"https:\\\/\\\/www.planmorado.pe\\\/\",\"name\":\"Plan Morado 2026 - 2031\",\"description\":\"#ConLasManosLimpias\",\"publisher\":{\"@id\":\"https:\\\/\\\/www.planmorado.pe\\\/#organization\"},\"potentialAction\":[{\"@type\":\"SearchAction\",\"target\":{\"@type\":\"EntryPoint\",\"urlTemplate\":\"https:\\\/\\\/www.planmorado.pe\\\/?s={search_term_string}\"},\"query-input\":{\"@type\":\"PropertyValueSpecification\",\"valueRequired\":true,\"valueName\":\"search_term_string\"}}],\"inLanguage\":\"es-PE\"},{\"@type\":\"Organization\",\"@id\":\"https:\\\/\\\/www.planmorado.pe\\\/#organization\",\"name\":\"Partido Morado\",\"url\":\"https:\\\/\\\/www.planmorado.pe\\\/\",\"logo\":{\"@type\":\"ImageObject\",\"inLanguage\":\"es-PE\",\"@id\":\"https:\\\/\\\/www.planmorado.pe\\\/#\\\/schema\\\/logo\\\/image\\\/\",\"url\":\"https:\\\/\\\/www.planmorado.pe\\\/wp-content\\\/uploads\\\/2020\\\/09\\\/cropped-Logos-PDG-login-e1772657240820.png\",\"contentUrl\":\"https:\\\/\\\/www.planmorado.pe\\\/wp-content\\\/uploads\\\/2020\\\/09\\\/cropped-Logos-PDG-login-e1772657240820.png\",\"width\":1920,\"height\":2242,\"caption\":\"Partido Morado\"},\"image\":{\"@id\":\"https:\\\/\\\/www.planmorado.pe\\\/#\\\/schema\\\/logo\\\/image\\\/\"},\"sameAs\":[\"https:\\\/\\\/www.facebook.com\\\/PartidoMorado\",\"https:\\\/\\\/x.com\\\/PdGPM2026\",\"https:\\\/\\\/x.com\\\/Partidomorado\"]}]}<\/script>\n<!-- \/ Yoast SEO plugin. -->","yoast_head_json":{"title":"Plan de gobierno Partido Morado Home - Plan Morado 2026 - 2031","description":"Plan de gobierno 2021 Partido Morado. El plan para cambiar al pa\u00eds. 12 ejes y 100 propuestas con participaci\u00f3n de la ciudadan\u00eda.","robots":{"index":"index","follow":"follow","max-snippet":"max-snippet:-1","max-image-preview":"max-image-preview:large","max-video-preview":"max-video-preview:-1"},"canonical":"https:\/\/www.planmorado.pe\/","og_locale":"es_ES","og_type":"article","og_title":"Plan de gobierno Partido Morado Home - Plan Morado 2026 - 2031","og_description":"Plan de gobierno 2021 Partido Morado. El plan para cambiar al pa\u00eds. 12 ejes y 100 propuestas con participaci\u00f3n de la ciudadan\u00eda.","og_url":"https:\/\/www.planmorado.pe\/","og_site_name":"Plan Morado 2026 - 2031","article_publisher":"https:\/\/www.facebook.com\/PartidoMorado","article_modified_time":"2026-03-02T14:32:45+00:00","og_image":[{"width":1920,"height":480,"url":"https:\/\/www.planmorado.pe\/wp-content\/uploads\/2020\/12\/cropped-PdG-Logo-e1767423137283.png","type":"image\/png"}],"twitter_card":"summary_large_image","twitter_site":"@PdGPM2026","twitter_misc":{"Est. reading time":"12 minutos"},"schema":{"@context":"https:\/\/schema.org","@graph":[{"@type":"WebPage","@id":"https:\/\/www.planmorado.pe\/","url":"https:\/\/www.planmorado.pe\/","name":"Plan de gobierno Partido Morado Home - Plan Morado 2026 - 2031","isPartOf":{"@id":"https:\/\/www.planmorado.pe\/#website"},"datePublished":"2019-10-25T09:50:44+00:00","dateModified":"2026-03-02T14:32:45+00:00","description":"Plan de gobierno 2021 Partido Morado. El plan para cambiar al pa\u00eds. 12 ejes y 100 propuestas con participaci\u00f3n de la ciudadan\u00eda.","breadcrumb":{"@id":"https:\/\/www.planmorado.pe\/#breadcrumb"},"inLanguage":"es-PE","potentialAction":[{"@type":"ReadAction","target":["https:\/\/www.planmorado.pe\/"]}]},{"@type":"BreadcrumbList","@id":"https:\/\/www.planmorado.pe\/#breadcrumb","itemListElement":[{"@type":"ListItem","position":1,"name":"Portada","item":"https:\/\/www.planmorado.pe\/"},{"@type":"ListItem","position":2,"name":"Home"}]},{"@type":"WebSite","@id":"https:\/\/www.planmorado.pe\/#website","url":"https:\/\/www.planmorado.pe\/","name":"Plan Morado 2026 - 2031","description":"#ConLasManosLimpias","publisher":{"@id":"https:\/\/www.planmorado.pe\/#organization"},"potentialAction":[{"@type":"SearchAction","target":{"@type":"EntryPoint","urlTemplate":"https:\/\/www.planmorado.pe\/?s={search_term_string}"},"query-input":{"@type":"PropertyValueSpecification","valueRequired":true,"valueName":"search_term_string"}}],"inLanguage":"es-PE"},{"@type":"Organization","@id":"https:\/\/www.planmorado.pe\/#organization","name":"Partido Morado","url":"https:\/\/www.planmorado.pe\/","logo":{"@type":"ImageObject","inLanguage":"es-PE","@id":"https:\/\/www.planmorado.pe\/#\/schema\/logo\/image\/","url":"https:\/\/www.planmorado.pe\/wp-content\/uploads\/2020\/09\/cropped-Logos-PDG-login-e1772657240820.png","contentUrl":"https:\/\/www.planmorado.pe\/wp-content\/uploads\/2020\/09\/cropped-Logos-PDG-login-e1772657240820.png","width":1920,"height":2242,"caption":"Partido Morado"},"image":{"@id":"https:\/\/www.planmorado.pe\/#\/schema\/logo\/image\/"},"sameAs":["https:\/\/www.facebook.com\/PartidoMorado","https:\/\/x.com\/PdGPM2026","https:\/\/x.com\/Partidomorado"]}]}},"jetpack-related-posts":[],"jetpack_sharing_enabled":true,"_links":{"self":[{"href":"https:\/\/www.planmorado.pe\/index.php\/wp-json\/wp\/v2\/pages\/570","targetHints":{"allow":["GET"]}}],"collection":[{"href":"https:\/\/www.planmorado.pe\/index.php\/wp-json\/wp\/v2\/pages"}],"about":[{"href":"https:\/\/www.planmorado.pe\/index.php\/wp-json\/wp\/v2\/types\/page"}],"author":[{"embeddable":true,"href":"https:\/\/www.planmorado.pe\/index.php\/wp-json\/wp\/v2\/users\/1"}],"replies":[{"embeddable":true,"href":"https:\/\/www.planmorado.pe\/index.php\/wp-json\/wp\/v2\/comments?post=570"}],"version-history":[{"count":274,"href":"https:\/\/www.planmorado.pe\/index.php\/wp-json\/wp\/v2\/pages\/570\/revisions"}],"predecessor-version":[{"id":4724,"href":"https:\/\/www.planmorado.pe\/index.php\/wp-json\/wp\/v2\/pages\/570\/revisions\/4724"}],"wp:attachment":[{"href":"https:\/\/www.planmorado.pe\/index.php\/wp-json\/wp\/v2\/media?parent=570"}],"wp:term":[{"taxonomy":"cluster","embeddable":true,"href":"https:\/\/www.planmorado.pe\/index.php\/wp-json\/wp\/v2\/cluster?post=570"}],"curies":[{"name":"wp","href":"https:\/\/api.w.org\/{rel}","templated":true}]}}